{"id":4677,"date":"2021-02-17T21:11:50","date_gmt":"2021-02-17T21:11:50","guid":{"rendered":"https:\/\/www.nova-laser.com\/gricha\/producto\/import-placeholder-for-2081\/"},"modified":"2021-02-24T22:20:05","modified_gmt":"2021-02-24T22:20:05","slug":"grilleta-vainilla","status":"publish","type":"product","link":"https:\/\/www.nova-laser.com\/gricha\/producto\/grilleta-vainilla\/","title":{"rendered":"Grilleta Vainilla"},"content":{"rendered":"<p>Nuestras grilletas\u00a0 tienen 3 veces m\u00e1s prote\u00edna que una galleta com\u00fan, lo que te ayuda a tener m\u00e1s saciedad y a evitar picos de insulina. Contiene todos los amino\u00e1cidos esenciales, adem\u00e1s de hierro h\u00e9mico y vitamina B12.<\/p>\n<p>Son altas en fibra: con un solo paquete consumes el 36% de tu requerimiento diario.<\/p>\n<p>No contienen harina ni az\u00facar refinada. Sin colorantes artificiales.<\/p>\n","protected":false},"excerpt":{"rendered":"<p>Galletas deliciosas y nutritivas. Un paquete de 4 galletas (56 g.) contiene 7 g. de prote\u00edna y tan s\u00f3lo 215 Kcal. Sin az\u00facar ni harinas refinadas, Sin conservadores artificiales. Aprobadas por la FDA.<\/p>\n","protected":false},"featured_media":349,"comment_status":"closed","ping_status":"closed","template":"","meta":[],"product_brand":[],"product_cat":[94],"product_tag":[],"class_list":{"0":"post-4677","1":"product","2":"type-product","3":"status-publish","4":"has-post-thumbnail","6":"product_cat-grilletas","8":"first","9":"outofstock","10":"featured","11":"shipping-taxable","12":"purchasable","13":"product-type-variable"},"_links":{"self":[{"href":"https:\/\/www.nova-laser.com\/gricha\/wp-json\/wp\/v2\/product\/4677","targetHints":{"allow":["GET"]}}],"collection":[{"href":"https:\/\/www.nova-laser.com\/gricha\/wp-json\/wp\/v2\/product"}],"about":[{"href":"https:\/\/www.nova-laser.com\/gricha\/wp-json\/wp\/v2\/types\/product"}],"replies":[{"embeddable":true,"href":"https:\/\/www.nova-laser.com\/gricha\/wp-json\/wp\/v2\/comments?post=4677"}],"version-history":[{"count":2,"href":"https:\/\/www.nova-laser.com\/gricha\/wp-json\/wp\/v2\/product\/4677\/revisions"}],"predecessor-version":[{"id":4860,"href":"https:\/\/www.nova-laser.com\/gricha\/wp-json\/wp\/v2\/product\/4677\/revisions\/4860"}],"wp:featuredmedia":[{"embeddable":true,"href":"https:\/\/www.nova-laser.com\/gricha\/wp-json\/wp\/v2\/media\/349"}],"wp:attachment":[{"href":"https:\/\/www.nova-laser.com\/gricha\/wp-json\/wp\/v2\/media?parent=4677"}],"wp:term":[{"taxonomy":"product_brand","embeddable":true,"href":"https:\/\/www.nova-laser.com\/gricha\/wp-json\/wp\/v2\/product_brand?post=4677"},{"taxonomy":"product_cat","embeddable":true,"href":"https:\/\/www.nova-laser.com\/gricha\/wp-json\/wp\/v2\/product_cat?post=4677"},{"taxonomy":"product_tag","embeddable":true,"href":"https:\/\/www.nova-laser.com\/gricha\/wp-json\/wp\/v2\/product_tag?post=4677"}],"curies":[{"name":"wp","href":"https:\/\/api.w.org\/{rel}","templated":true}]}}